. Suppose -20*c = -p*c + 81. Let o = c - 31. What is the units digit of o?
0
Let s = 29 - 15. Let z be ((-7)/s)/((-1)/4). Suppose -5*v - 34 = -n, 3*n - 2*v - 34 = z*n. What is the units digit of n?
4
Let p(x) = x**2 - 3*x. Let t be (18/24)/((-2)/(-8)). Let h be p(t). Suppose -u - u + 30 = h. What is the units digit of u?
5
Let p = -16 + 20. Suppose p = -c + 3*c. Suppose -2*d + t + 25 = 0, 0*d + 2*t = -c*d + 22. What is the units digit of d?
2
Let o(u) be the first derivative of 7 - u**2 + 4*u**2 - 10 + 6*u. What is the tens digit of o(3)?
2
Let y = 489 + -306. What is the tens digit of y?
8
Suppose 2*d = 2*g - 56, 4*d + 5*g = -29 - 128. Let b be (-6)/d - 9/(-11). Suppose b + 4 = 5*w. What is the units digit of w?
1
Let s(b) = b**2 - 17*b + 1. What is the hundreds digit of s(24)?
1
Let r = 725 + -188. What is the units digit of r?
7
Let o(r) = 2*r**3 - 4*r**2 + 5*r - 2. Let m(d) = d - 1. Let p(w) = -2*m(w) + o(w). Let a be (-3 + 0)/3 + 3. What is the units digit of p(a)?
6
Suppose -q = 2*q - 5*j - 751, -q - j = -261. What is the hundreds digit of q?
2
Suppose -4*g + 10 + 10 = 0. Suppose -24 = 2*b - g*b - 4*d, -2*b + 4*d = -16. Let a = 17 - b. What is the units digit of a?
9
Suppose 16*h - 37563 = -41*h. What is the hundreds digit of h?
6
Let x be ((-3)/(-2))/((-21)/3304). Let n = -127 - x. What is the hundreds digit of n?
1
Let q be (-22)/(-14) + (-20)/35. Let m be (-9 + q)*(-4)/8. Suppose 43 = f + 3*v, 3*f - m*f + 46 = 4*v. What is the tens digit of f?
3
Let n(y) = y**3 + 3*y**2 - 2*y + 4. Let z be n(-3). Suppose -12*v = -7*v - 40. Let c = v + z. What is the tens digit of c?
1
Suppose -41 = -0*r - 3*r - o, 0 = r + o - 11. Suppose -l + 129 - r = -4*y, -4*y - 2*l = 108. What is the units digit of y/6*(-864)/112?
6
Let m = 396 + -385. What is the units digit of m?
1
Let y be -3*(-1)/(-3) - -4. Suppose 47 = y*n - 10. What is the units digit of n?
9
Suppose -4*p + 3*o = 1, 2*p - 4*p - 3*o = -13. Suppose -x = -6*x + 10. What is the units digit of p + x - 3 - -2?
3
Suppose -5*v = -3*y - 221, 4*v = 5*y + v + 347. Let k = y + 1. What is the tens digit of 4/22 + (-3552)/k?
5
Suppose -4*d - 2262 = -5*w, 5*w - 2274 = 2*d - 4*d. What is the tens digit of w?
5
Let l(n) = 343*n + 27. What is the hundreds digit of l(3)?
0
Suppose -1060 - 535 = -c. What is the units digit of c?
5
Let h(g) = 4*g**2 + 3*g. Let d be h(-4). Suppose y - d = 4*n, 0 = -y + 2*n + 3*n + 51. What is the units digit of y?
6
Let v = -13 - 5. What is the tens digit of (71/3)/((-6)/v)?
7
Let h = 120 + -116. Suppose 2*g - 1210 = -3*v - 415, -h*g - 265 = -v. What is the tens digit of v?
6
What is the units digit of (7952/(-7))/(2 - 1 - 3)?
8
Let k be (6*1/(-2))/1. Let t = -7 - -6. What is the units digit of (-18 - (-4 - k))/t?
7
Let w be (10 - 0) + 0 + -4 + 1. Suppose 3*t = -3*n + 39, 3*t - 4*n - 67 = w. What is the tens digit of t?
1
What is the thousands digit of (-7)/((-63)/23937) + (-2)/(-6)?
2
Let p(z) = 2*z**3 + z**2 - 2*z - 1. Let o be p(2). Let i(d) = -170*d - 5 + d**2 + 10 + 156*d. What is the units digit of i(o)?
0
Let g = 12 - 8. Suppose g*v = 6*v + x - 42, 3*x + 94 = 5*v. What is the units digit of (v/(-16) + 3)*4?
7
Let n(j) = j**2 + 10*j + 16. Let s(f) = -f**2 - 15*f - 24. Let r(c) = 7*n(c) + 5*s(c). What is the units digit of r(9)?
9
What is the hundreds digit of ((-9120)/(-300))/(1/25)?
7
Let q = 5 + 2. Suppose q*b = 323 + 27. What is the units digit of b?
0
Suppose 1 + 14 = -5*f, -36 = o + 5*f. What is the units digit of (56/o)/(3/(-63))?
6
Suppose 50 = 7*y - 2*y. Let s(p) = p**2 - 10*p + 2. Let f be s(y). Suppose 82 - 2 = f*n + 2*i, -i + 160 = 4*n. What is the tens digit of n?
4
Suppose 0 = -30*q + 35*q - 45. What is the units digit of q - 9/(45/(-10))?
1
What is the tens digit of (-119800)/(-360) - 4/(-18)?
3
Let w = 0 + 0. Let g(y) = 2*y + 7 - y**2 - 5 + 9 + 9. What is the units digit of g(w)?
0
Suppose 9348 + 7122 = 9*h. What is the thousands digit of h?
1
Let g = 83 + 237. What is the units digit of g?
0
Let j = 93 + -147. Suppose 2*z - 109 = 3*f, z - 7 = f + 31. Let s = f - j. What is the tens digit of s?
2
Suppose o + 3*h + 15 + 46 = 0, -o + 4*h - 68 = 0. Let w = -4 - o. What is the tens digit of w?
6
Let z = -884 + 1793. What is the hundreds digit of z?
9
Suppose -22*c = -23*c + 220. What is the tens digit of c?
2
Let p = 6764 - 3418. What is the thousands digit of p?
3
Let p = 1491 - 88. What is the thousands digit of p?
1
Let s(j) = -j**3 - 5*j**2 - 3*j + 14. What is the tens digit of s(-11)?
7
What is the hundreds digit of 1*2 - 34446*(-3)/18?
7
Suppose h + 5*n - 3084 = 0, 4601 = 4*h + 5*n - 7735. What is the hundreds digit of h?
0
Let n(k) = -2*k**2 + k - 6 - 5*k + 0 - 7*k. What is the units digit of n(-4)?
6
Let i = -83 - -93. Let o(z) = -z**3 + 9*z**2 + 15*z - 14. What is the tens digit of o(i)?
3
Let s(t) = -t**3 + 35*t**2 + 53*t - 77. What is the units digit of s(36)?
5
Let t be 0 + (6 - 4) + 50. Let a = -118 + t. Let r = 124 + a. What is the tens digit of r?
5
Let r(g) = -2*g - 9. Let b be r(-7). Let z(h) = h**3 - 4*h**2 - 4*h - 1. Let s be z(b). What is the tens digit of 876/48 - 1/s?
1
Let z = -297 + 570. Suppose 4*r + z = 5*r. What is the tens digit of r?
7
Suppose -2*b + 3*l = -12 - 9, 2*b + 9 = -3*l. Suppose p + 6 = b*p. What is the units digit of -8*p/(-6)*1?
4
Suppose 2*v - 6367 = 3*i, 0*v - 3166 = -v - 2*i. What is the hundreds digit of v?
1
Let x = 490 - -1943. What is the thousands digit of x?
2
Suppose 0*i + i - 52 = 0. Let z = -10 + i. What is the units digit of z?
2
Let k(r) = r**3 - 27*r**2 - r + 29. Let p be k(27). What is the hundreds digit of 322/p*(-6 + 7)*1?
1
Suppose -3*z = -2*q - 6 - 2, 4*q + 12 = 5*z. Suppose z*y - 11 = -3. What is the units digit of (-7 + y)*-5*1?
5
Suppose 2*l - 2*k - 2118 = 2*k, -3*l - k + 3142 = 0. What is the units digit of l?
9
Let i(p) be the first derivative of p**3/3 + p**2 - 5*p - 6. What is the units digit of i(-4)?
3
Let j(d) = -2*d**2 + 3*d + 4. Let t be j(3). Let o = t + 5. Let b = o + 11. What is the units digit of b?
1
Let n be ((-64)/24)/((-2)/(-9)). Let i(m) = m**2 + 11*m - 10. Let j be i(n). Suppose 0 = a - 3*r + 3, -j*a + 0*r + 14 = -r. What is the units digit of a?
9
Let c(d) = 7*d - 5. Let o = -17 - -23. What is the tens digit of c(o)?
3
Let t = -7 + 3. Let w be 1/(2*t/(-24)). Suppose -w = -3*i, -2*l + 123 = 5*i - 4*i. What is the units digit of l?
1
Let g be -4*3/(-12) + 4. Suppose 3*a - 5*z = -64, -3*a = -g*a - z - 34. What is the units digit of (-76)/(-3) - a/(-54)?
5
Suppose 7*n - 2*n + 910 = 3*c, c + 4*n - 326 = 0. What is the hundreds digit of c?
3
What is the units digit of (-163711)/(-279) - 4/(-18)?
7
Let k = 93 + -59. What is the units digit of k?
4
Suppose 4*f = 710*b - 706*b - 12308, -9228 = -3*b + 4*f. What is the hundreds digit of b?
0
Let p = 228 - 498. Let x = 424 + p. What is the tens digit of x?
5
Suppose -65*z = -54*z - 6512. What is the hundreds digit of z?
5
Suppose -1260 = -5*q + 3*v, 4*q - 3*v = 308 + 700. Suppose 0 = 2*d - 0*d - q. Let x = d - 81. What is the units digit of x?
5
Let j be 48/18 + (-4)/6. Suppose -j*u - 22 = -144. What is the tens digit of u?
6
Let t = -498 + 1203. What is the tens digit of t?
0
Suppose -12*d + 517 = -7235. Suppose 5*v = 4*t - 453, -d = -5*t + 2*v - 67. What is the units digit of t?
7
Let l(o) = o + 12. Let h be l(0). Suppose -h = -t + 7. What is the tens digit of t?
1
Suppose -6*f = -14*f + 4984. What is the units digit of f?
3
Suppose 0 = -5*p + 5, 2*p - 114 = -3*l - l. Let j = 32 + l. What is the units digit of j?
0
Suppose -2*v - 3*d - 29 = -10, -4*v + 2*d + 2 = 0. Suppose -4*b + 141 = f, -b = -3*b + 4*f + 48. Let q = v + b. What is the units digit of q?
2
Let k(h) = h. Let p be k(0). Let d = 2 - p. What is the units digit of (-255)/(-30) - d/4?
8
Suppose 0 = 2*c + 2*c - 32. Suppose -3*l = 2*h + 2*h - 27, -h = l - c. What is the units digit of h?
3
Suppose 0 = 5*v - 0*a - 3*a + 16, -4*v + 5*a = 5. Let f = -1 - v. Suppose d - f*l = l + 30, -5*l + 120 = 5*d. What is the units digit of d?
5
Suppose -4*s + t = 5693, -s - 626 = -t + 798. Let c = s + 2277. What is the tens digit of c/21 + 1/3?
4
Let b(f) = -156*f + 39. What is the units digit of b(-10)?
9
Suppose 0 = 2*o + 4*s + 132, -1 = -2*s - 3. Let j = 209 + o. What is the units digit of